t is the units digit of 13755265?
5
What is the hundred millions digit of 1831166415?
8
What is the ten thousands digit of 50568173?
6
What is the millions digit of 20036658?
0
What is the tens digit of 349404961?
6
What is the ten thousands digit of 47123089?
2
What is the hundred millions digit of 769622965?
7
What is the hundred thousands digit of 143507977?
5
What is the thousands digit of 218202847?
2
What is the hundreds digit of 81667695?
6
What is the thousands digit of 204938627?
8
What is the hundred millions digit of 194549672?
1
What is the tens digit of 34378980?
8
What is the ten millions digit of 55191381?
5
What is the units digit of 8331065?
5
What is the units digit of 7588956355?
5
What is the ten thousands digit of 2632833823?
3
What is the tens digit of 3046997396?
9
What is the hundred thousands digit of 186208399?
2
What is the millions digit of 611739291?
1
What is the ten thousands digit of 807950353?
5
What is the billions digit of 1924605811?
1
What is the hundred thousands digit of 67502989?
5
What is the tens digit of 64015757?
5
What is the millions digit of 574870949?
4
What is the ten millions digit of 14732462?
1
What is the ten millions digit of 27898401?
2
What is the units digit of 16201910?
0
What is the hundreds digit of 31062173?
1
What is the units digit of 198474155?
5
What is the millions digit of 197289157?
7
What is the hundreds digit of 193034711?
7
What is the hundred thousands digit of 4326481166?
4
What is the millions digit of 23472660?
3
What is the units digit of 569812923?
3
What is the millions digit of 1743665289?
3
What is the ten millions digit of 3084243791?
8
What is the ten thousands digit of 2405066777?
6
What is the hundred thousands digit of 120248632?
2
What is the billions digit of 4196703918?
4
What is the hundred thousands digit of 269940534?
9
What is the thousands digit of 5662446077?
6
What is the hundreds digit of 283725151?
1
What is the ten thousands digit of 1020112472?
1
What is the hundreds digit of 4581856197?
1
What is the units digit of 39580925?
5
What is the ten millions digit of 778497981?
7
What is the units digit of 896043355?
5
What is the ten thousands digit of 278107784?
0
What is the tens digit of 67465357?
5
What is the ten millions digit of 96158165?
9
What is the millions digit of 86734684?
6
What is the ten thousands digit of 42755336?
5
What is the thousands digit of 156053980?
3
What is the hundreds digit of 93560119?
1
What is the hundred thousands digit of 50762367?
7
What is the hundred thousands digit of 87513125?
5
What is the hundred millions digit of 154947750?
1
What is the hundred thousands digit of 332335762?
3
What is the hundreds digit of 961693404?
4
What is the thousands digit of 63674573?
4
What is the ten millions digit of 333593748?
3
What is the tens digit of 40157347?
4
What is the thousands digit of 42495003?
5
What is the hundred thousands digit of 1948692170?
6
What is the tens digit of 80015323?
2
What is the tens digit of 29036228?
2
What is the tens digit of 815328244?
4
What is the ten thousands digit of 1009924112?
2
What is the tens digit of 317563707?
0
What is the hundreds digit of 76599133?
1
What is the hundred millions digit of 106318871?
1
What is the billions digit of 9229211900?
9
What is the hundred millions digit of 273826876?
2
What is the ten thousands digit of 514679824?
7
What is the hundred thousands digit of 142565368?
5
What is the hundred millions digit of 2438886074?
4
What is the hundred millions digit of 3390721233?
3
What is the thousands digit of 38956822?
6
What is the units digit of 106103056?
6
What is the ten thousands digit of 671027?
7
What is the hundred thousands digit of 147822552?
8
What is the hundred millions digit of 126225293?
1
What is the hundreds digit of 68685205?
2
What is the thousands digit of 2383097611?
7
What is the tens digit of 809125020?
2
What is the tens digit of 61690135?
3
What is the hundred thousands digit of 15860611?
8
What is the billions digit of 2848580379?
2
What is the thousands digit of 582743562?
3
What is the millions digit of 2070388657?
0
What is the hundred thousands digit of 2677670065?
6
What is the ten thousands digit of 608930614?
3
What is the units digit of 297943530?
0
What is the units digit of 54166590?
0
What is the hundred millions digit of 209618000?
2
What is the hundred thousands digit of 52422342?
4
What is the ten millions digit of 1882698293?
8
What is the millions digit of 32866544?
2
What is the units digit of 1098563317?
7
What is the hundred thousands digit of 1373991719?
9
What is the hundred millions digit of 1632804451?
6
What is the millions digit of 3650155764?
0
What is the millions digit of 126923350?
6
What is the tens digit of 125502646?
4
What is the hundred millions digit of 868287904?
8
What is the hundred thousands digit of 4096318?
0
What is the thousands digit of 22251995?
1
What is the tens digit of 390247986?
8
What is the hundred thousands digit of 1621691705?
6
What is the hundreds digit of 1091129320?
3
What is the millions digit of 2938599830?
8
What is the thousands digit of 1848691966?
1
What is the hundred thousands digit of 1227790387?
7
What is the hundred thousands digit of 498808454?
8
What is the tens digit of 33129753?
5
What is the units digit of 1292482475?
5
What is the units digit of 97194935?
5
What is the millions digit of 546290805?
6
What is the hundred millions digit of 172921203?
1
What is the hundreds digit of 595581903?
9
What is the tens digit of 228793151?
5
What is the millions digit of 34217063?
4
What is the millions digit of 11993476?
1
What is the hundreds digit of 309747455?
4
What is the tens digit of 1172235984?
8
What is the ten thousands digit of 379816095?
1
What is the hundreds digit of 681902761?
7
What is the hundreds digit of 47779335?
3
What is the thousands digit of 2162236541?
6
What is the ten thousands digit of 4762928616?
2
What is the millions digit of 183747317?
3
What is the hundred millions digit of 491845941?
4
What is the hundreds digit of 82828517?
5
What is the hundred thousands digit of 24429725?
4
What is the ten thousands digit of 6624237102?
3
What is the millions digit of 6721013218?
1
What is the units digit of 112872914?
4
What is the hundred thousands digit of 1089885131?
8
What is the units digit of 255398734?
4
What is the millions digit of 707467405?
7
What is the billions digit of 1381748880?
1
What is the ten millions digit of 3138076876?
3
What is the hundred thousands digit of 229642411?
6
What is the ten thousands digit of 2588881257?
8
What is the ten thousands digit of 423925544?
2
What is the billions digit of 2409403242?
2
What is the tens digit of 693864453?
5
What is the ten millions digit of 31445100?
3
What is the thousands digit of 501060953?
0
What is the thousands digit of 6435660682?
0
What is the thousands digit of 52337012?
7
What is the units digit of 1237635279?
9
What is the hundred thousands digit of 1758584643?
5
What is the tens digit of 17478758?
5
What is the thousands digit of 74098167?
8
What is the tens digit of 104528704?
0
What is the hundreds digit of 3855319132?
1
What is the hundred millions digit of 1021455368?
0
What is the thousands digit of 650990281?
0
What is the ten thousands digit of 207154919?
5
What is the ten millions digit of 15249431?
1
What is the thousands digit of 139001401?
1
What is the tens digit of 556204303?
0
What is the tens digit of 81610407?
0
What is the ten thousands digit of 36812274?
1
What is the ten millions digit of 94151872?
9
What is the hundreds digit of 54123629?
6
What is the thousands digit of 6103233565?
3
What is the ten thousands digit of 2408640630?
4
What is the millions digit of 190786209?
0
What is the hundred thousands digit of 491314747?
3
What is the hundred millions digit of 185247286?
1
What is the hundred millions digit of 484522238?
4
What is the millions digit of 81068861?
1
What is the ten thousands digit of 104576118?
7
What is the units digit of 97613163?
3
What is the tens digit of 490746413?
1
What is the hundred thousands digit of 125558238?
5
What is the hundred thousands digit of 117596257?
5
What is the thousands digit of 592908613?
8
What is the hundred